158?
5
What is the hundreds digit of 1815?
8
What is the ten thousands digit of 21972?
2
What is the thousands digit of 15078?
5
What is the tens digit of 8099?
9
What is the units digit of 39641?
1
What is the units digit of 684?
4
What is the tens digit of 5920?
2
What is the tens digit of 467?
6
What is the tens digit of 33567?
6
What is the hundreds digit of 2654?
6
What is the thousands digit of 1963?
1
What is the tens digit of 753?
5
What is the tens digit of 3418?
1
What is the units digit of 6591?
1
What is the ten thousands digit of 44568?
4
What is the hundreds digit of 6967?
9
What is the hundreds digit of 50639?
6
What is the thousands digit of 2510?
2
What is the thousands digit of 3456?
3
What is the hundreds digit of 528?
5
What is the thousands digit of 3579?
3
What is the hundreds digit of 192?
1
What is the hundreds digit of 79769?
7
What is the units digit of 25562?
2
What is the thousands digit of 13867?
3
What is the units digit of 840?
0
What is the hundreds digit of 5493?
4
What is the thousands digit of 1303?
1
What is the thousands digit of 6467?
6
What is the hundreds digit of 6086?
0
What is the hundreds digit of 1436?
4
What is the hundreds digit of 9808?
8
What is the hundreds digit of 8941?
9
What is the hundreds digit of 3058?
0
What is the tens digit of 4198?
9
What is the units digit of 18164?
4
What is the tens digit of 48646?
4
What is the hundreds digit of 8286?
2
What is the hundreds digit of 14644?
6
What is the units digit of 1123?
3
What is the thousands digit of 3963?
3
What is the ten thousands digit of 56390?
5
What is the thousands digit of 11092?
1
What is the units digit of 34302?
2
What is the tens digit of 52599?
9
What is the units digit of 301?
1
What is the thousands digit of 5466?
5
What is the hundreds digit of 242?
2
What is the tens digit of 61?
6
What is the tens digit of 64665?
6
What is the thousands digit of 13859?
3
What is the units digit of 9438?
8
What is the units digit of 8720?
0
What is the thousands digit of 2181?
2
What is the units digit of 354?
4
What is the thousands digit of 1839?
1
What is the tens digit of 93827?
2
What is the units digit of 3793?
3
What is the tens digit of 1427?
2
What is the tens digit of 3558?
5
What is the ten thousands digit of 50899?
5
What is the units digit of 21124?
4
What is the hundreds digit of 3190?
1
What is the units digit of 82516?
6
What is the hundreds digit of 15439?
4
What is the thousands digit of 16314?
6
What is the thousands digit of 55227?
5
What is the thousands digit of 1524?
1
What is the hundreds digit of 238?
2
What is the hundreds digit of 314?
3
What is the thousands digit of 12783?
2
What is the units digit of 1323?
3
What is the hundreds digit of 4818?
8
What is the units digit of 1040?
0
What is the ten thousands digit of 66230?
6
What is the tens digit of 549?
4
What is the thousands digit of 2864?
2
What is the hundreds digit of 2185?
1
What is the units digit of 6703?
3
What is the thousands digit of 9826?
9
What is the units digit of 38049?
9
What is the thousands digit of 25619?
5
What is the units digit of 541?
1
What is the thousands digit of 2599?
2
What is the thousands digit of 3540?
3
What is the thousands digit of 9482?
9
What is the thousands digit of 7919?
7
What is the thousands digit of 1911?
1
What is the units digit of 2059?
9
What is the hundreds digit of 591?
5
What is the units digit of 1012?
2
What is the thousands digit of 3790?
3
What is the units digit of 19162?
2
What is the tens digit of 719?
1
What is the tens digit of 390?
9
What is the units digit of 10451?
1
What is the thousands digit of 21883?
1
What is the units digit of 2814?
4
What is the hundreds digit of 465?
4
What is the hundreds digit of 3601?
6
What is the thousands digit of 23396?
3
What is the hundreds digit of 1225?
2
What is the hundreds digit of 2100?
1
What is the units digit of 7639?
9
What is the units digit of 1030?
0
What is the thousands digit of 21370?
1
What is the units digit of 41759?
9
What is the units digit of 81762?
2
What is the units digit of 8818?
8
What is the thousands digit of 11361?
1
What is the hundred thousands digit of 126980?
1
What is the units digit of 2066?
6
What is the units digit of 11149?
9
What is the hundred thousands digit of 137989?
1
What is the tens digit of 9189?
8
What is the hundreds digit of 8427?
4
What is the hundreds digit of 27161?
1
What is the thousands digit of 3524?
3
What is the units digit of 12532?
2
What is the hundreds digit of 506?
5
What is the tens digit of 7240?
4
What is the hundreds digit of 8029?
0
What is the units digit of 300?
0
What is the tens digit of 62459?
5
What is the thousands digit of 6488?
6
What is the units digit of 76?
6
What is the units digit of 264?
4
What is the hundreds digit of 70536?
5
What is the tens digit of 41437?
3
What is the units digit of 717?
7
What is the hundreds digit of 49646?
6
What is the units digit of 47?
7
What is the thousands digit of 97816?
7
What is the hundreds digit of 146537?
5
What is the thousands digit of 3753?
3
What is the hundreds digit of 57834?
8
What is the tens digit of 3228?
2
What is the thousands digit of 107359?
7
What is the thousands digit of 9700?
9
What is the hundreds digit of 5506?
5
What is the ten thousands digit of 113341?
1
What is the units digit of 70247?
7
What is the tens digit of 273?
7
What is the hundreds digit of 2530?
5
What is the units digit of 5054?
4
What is the hundreds digit of 29661?
6
What is the units digit of 12003?
3
What is the tens digit of 118?
1
What is the thousands digit of 73425?
3
What is the tens digit of 10259?
5
What is the tens digit of 10610?
1
What is the units digit of 1464?
4
What is the hundreds digit of 2410?
4
What is the tens digit of 7265?
6
What is the hundreds digit of 59490?
4
What is the thousands digit of 3527?
3
What is the units digit of 982?
2
What is the units digit of 12904?
4
What is the units digit of 919?
9
What is the tens digit of 7652?
5
What is the tens digit of 2342?
4
What is the hundreds digit of 234?
2
What is the thousands digit of 3201?
3
What is the units digit of 10241?
1
What is the thousands digit of 20583?
0
What is the tens digit of 14708?
0
What is the tens digit of 2068?
6
What is the hundreds digit of 866?
8
What is the units digit of 770?
0
What is the units digit of 2668?
8
What is the units digit of 36577?
7
What is the tens digit of 7480?
8
What is the units digit of 1264?
4
What is the tens digit of 2005?
0
What is the hundreds digit of 170510?
5
What is the thousands digit of 10097?
0
What is the thousands digit of 4127?
4
What is the tens digit of 2510?
1
What is the units digit of 34640?
0
What is the hundreds digit of 4135?
1
What is the hundreds digit of 4991?
9
What is the thousands digit of 8162?
8
What is the ten thousands digit of 13527?
1
What is the tens digit of 70734?
3
What is the thousands digit of 3452?
3
What is the hundreds digit of 6133?
1
What is the thousands digit of 1438?
1
What is the hundreds digit of 1096?
0
What is the hundreds digit of 753?
7
What is the thousands digit of 4495?
4
What is the hundreds digit of 12719?
7
What is the units digit of 6276?
6
What is the thousands digit of 2091?
2
What is the units digit of 24422?
2
What is the hundreds digit of 1217?
2
What is the tens digit of 1641?
4
What is the tens digit of 364?
6
What is the thousands digit of 54150?
4
What is the hundreds digit of 2814?
8
What is the tens digit of 1783?
8
What is the units digit of 5470?
0
What is the tens digit of 1908?
0
What is the hundreds digit of 11596?
5
What is the hundreds digit of 5362?
3
What is the thousands digit of 7429?
7
What is the thousands digit of 23125?
3
What is the ten thousands digit of 26274?
2
What is the hundreds digit of 31238?
2
What is the tens digit of 38413?
1
What is the hundreds digit of 126946?
9
What is the tens digit of 7221?
2
What is the thousands digit of 1401?
1
What is the hundred thousands digit of 130685?
1
What is the tens digit of 14192?
9
What is the hundreds digit of 42030?
0
What is the thousands digit of 130773?
0
What is the thousands digit of 107172?
7
What is the thousands digit of 3678?
3
What is the hundreds digit of 47061?
0
What is the thou